{"id":4112,"date":"2026-01-18T04:57:50","date_gmt":"2026-01-18T04:57:50","guid":{"rendered":"https:\/\/icacit.org.pe\/symposium\/?page_id=4112"},"modified":"2026-03-06T22:22:31","modified_gmt":"2026-03-06T22:22:31","slug":"keynote","status":"publish","type":"page","link":"https:\/\/icacit.org.pe\/symposium\/keynote\/","title":{"rendered":"Keynote"},"content":{"rendered":"\t\t<div data-elementor-type=\"wp-page\" data-elementor-id=\"4112\" class=\"elementor elementor-4112\">\n\t\t\t\t<div class=\"elementor-element elementor-element-2df697e e-flex e-con-boxed e-con e-parent\" data-id=\"2df697e\" data-element_type=\"container\" data-e-type=\"container\">\n\t\t\t\t\t<div class=\"e-con-inner\">\n\t\t<div class=\"elementor-element elementor-element-3c5820a e-con-full e-flex e-con e-child\" data-id=\"3c5820a\" data-element_type=\"container\" data-e-type=\"container\">\n\t\t\t\t<div class=\"elementor-element elementor-element-2948405 elementor-widget elementor-widget-heading\" data-id=\"2948405\" data-element_type=\"widget\" data-e-type=\"widget\" data-widget_type=\"heading.default\">\n\t\t\t\t\t<h2 class=\"elementor-heading-title elementor-size-default\">Keynote Speaker<\/h2>\t\t\t\t<\/div>\n\t\t\t\t<\/div>\n\t\t<div class=\"elementor-element elementor-element-ea2edc4 e-con-full e-flex e-con e-child\" data-id=\"ea2edc4\" data-element_type=\"container\" data-e-type=\"container\">\n\t\t<div class=\"elementor-element elementor-element-d169846 e-con-full e-flex e-con e-child\" data-id=\"d169846\" data-element_type=\"container\" data-e-type=\"container\" data-settings=\"{&quot;background_background&quot;:&quot;classic&quot;}\">\n\t\t<div class=\"elementor-element elementor-element-34a1bcf e-con-full e-flex e-con e-child\" data-id=\"34a1bcf\" data-element_type=\"container\" data-e-type=\"container\">\n\t\t<div class=\"elementor-element elementor-element-bed0453 e-con-full e-flex e-con e-child\" data-id=\"bed0453\" data-element_type=\"container\" data-e-type=\"container\">\n\t\t\t\t<div class=\"elementor-element elementor-element-578c786 rtimg-contain elementor-widget elementor-widget-image\" data-id=\"578c786\" data-element_type=\"widget\" data-e-type=\"widget\" data-widget_type=\"image.default\">\n\t\t\t\t\t\t\t\t\t\t\t\t\t\t\t<img fetchpriority=\"high\" decoding=\"async\" width=\"248\" height=\"300\" src=\"https:\/\/icacit.org.pe\/symposium\/wp-content\/uploads\/2026\/01\/2024_JimmyTullume-1-248x300.jpg\" class=\"attachment-medium size-medium wp-image-4030\" alt=\"\" srcset=\"https:\/\/icacit.org.pe\/symposium\/wp-content\/uploads\/2026\/01\/2024_JimmyTullume-1-248x300.jpg 248w, https:\/\/icacit.org.pe\/symposium\/wp-content\/uploads\/2026\/01\/2024_JimmyTullume-1-450x544.jpg 450w, https:\/\/icacit.org.pe\/symposium\/wp-content\/uploads\/2026\/01\/2024_JimmyTullume-1.jpg 527w\" sizes=\"(max-width: 248px) 100vw, 248px\" \/>\t\t\t\t\t\t\t\t\t\t\t\t\t\t\t<\/div>\n\t\t\t\t<\/div>\n\t\t<div class=\"elementor-element elementor-element-b026846 e-con-full e-flex e-con e-child\" data-id=\"b026846\" data-element_type=\"container\" data-e-type=\"container\">\n\t\t\t\t<div class=\"elementor-element elementor-element-6f0818c elementor-widget elementor-widget-heading\" data-id=\"6f0818c\" data-element_type=\"widget\" data-e-type=\"widget\" data-widget_type=\"heading.default\">\n\t\t\t\t\t<h3 class=\"elementor-heading-title elementor-size-default\">Jimmy T\u00fallume Salazar<\/h3>\t\t\t\t<\/div>\n\t\t\t\t<div class=\"elementor-element elementor-element-ac5281e elementor-widget elementor-widget-heading\" data-id=\"ac5281e\" data-element_type=\"widget\" data-e-type=\"widget\" data-widget_type=\"heading.default\">\n\t\t\t\t\t<h3 class=\"elementor-heading-title elementor-size-default\">Gerente General <br>ICACIT<\/h3>\t\t\t\t<\/div>\n\t\t\t\t<div class=\"elementor-element elementor-element-c590e89 rtimg-contain elementor-widget elementor-widget-image\" data-id=\"c590e89\" data-element_type=\"widget\" data-e-type=\"widget\" data-widget_type=\"image.default\">\n\t\t\t\t\t\t\t\t\t\t\t\t\t\t\t<img decoding=\"async\" width=\"50\" height=\"31\" src=\"https:\/\/icacit.org.pe\/symposium\/wp-content\/uploads\/2026\/01\/peru.png\" class=\"attachment-large size-large wp-image-4152\" alt=\"\" \/>\t\t\t\t\t\t\t\t\t\t\t\t\t\t\t<\/div>\n\t\t\t\t<\/div>\n\t\t\t\t<\/div>\n\t\t<div class=\"elementor-element elementor-element-d1458ba e-con-full e-flex e-con e-child\" data-id=\"d1458ba\" data-element_type=\"container\" data-e-type=\"container\">\n\t\t\t\t<div class=\"elementor-element elementor-element-326fe77 elementor-widget elementor-widget-spacer\" data-id=\"326fe77\" data-element_type=\"widget\" data-e-type=\"widget\" data-widget_type=\"spacer.default\">\n\t\t\t\t\t\t\t<div class=\"elementor-spacer\">\n\t\t\t<div class=\"elementor-spacer-inner\"><\/div>\n\t\t<\/div>\n\t\t\t\t\t\t<\/div>\n\t\t\t\t<div class=\"elementor-element elementor-element-8d7fbe7 elementor-widget elementor-widget-text-editor\" data-id=\"8d7fbe7\" data-element_type=\"widget\" data-e-type=\"widget\" data-widget_type=\"text-editor.default\">\n\t\t\t\t\t\t\t\t\t<p><strong>Lorem Ipsum<\/strong>\u00a0es simplemente el texto de relleno de las imprentas y archivos de texto. Lorem Ipsum ha sido el texto de relleno est\u00e1ndar de las industrias desde el a\u00f1o 1500, cuando un impresor (N. del T. persona que se dedica a la imprenta) desconocido us\u00f3 una galer\u00eda de textos y los mezcl\u00f3 de tal manera que logr\u00f3 hacer un libro de textos especimen.<\/p><p>No s\u00f3lo sobrevivi\u00f3 500 a\u00f1os, sino que tambien ingres\u00f3 como texto de relleno en documentos electr\u00f3nicos, quedando esencialmente igual al original. Fue popularizado en los 60s con la creaci\u00f3n de las hojas \u00abLetraset\u00bb, las cuales contenian pasajes de Lorem Ipsum, y m\u00e1s recientemente con software de autoedici\u00f3n, como por ejemplo Aldus PageMaker, el cual incluye versiones de Lorem Ipsum.<\/p>\t\t\t\t\t\t\t\t<\/div>\n\t\t\t\t<\/div>\n\t\t\t\t<\/div>\n\t\t<div class=\"elementor-element elementor-element-b9b0823 e-con-full e-flex e-con e-child\" data-id=\"b9b0823\" data-element_type=\"container\" data-e-type=\"container\" data-settings=\"{&quot;background_background&quot;:&quot;classic&quot;}\">\n\t\t<div class=\"elementor-element elementor-element-183bc12 e-con-full e-flex e-con e-child\" data-id=\"183bc12\" data-element_type=\"container\" data-e-type=\"container\">\n\t\t<div class=\"elementor-element elementor-element-b05542d e-con-full e-flex e-con e-child\" data-id=\"b05542d\" data-element_type=\"container\" data-e-type=\"container\">\n\t\t\t\t<div class=\"elementor-element elementor-element-bd3ad1f rtimg-contain elementor-widget elementor-widget-image\" data-id=\"bd3ad1f\" data-element_type=\"widget\" data-e-type=\"widget\" data-widget_type=\"image.default\">\n\t\t\t\t\t\t\t\t\t\t\t\t\t\t\t<img decoding=\"async\" width=\"249\" height=\"300\" src=\"https:\/\/icacit.org.pe\/symposium\/wp-content\/uploads\/2026\/01\/IsabelHillige-1-249x300.jpg\" class=\"attachment-medium size-medium wp-image-3413\" alt=\"\" srcset=\"https:\/\/icacit.org.pe\/symposium\/wp-content\/uploads\/2026\/01\/IsabelHillige-1-249x300.jpg 249w, https:\/\/icacit.org.pe\/symposium\/wp-content\/uploads\/2026\/01\/IsabelHillige-1-450x543.jpg 450w, https:\/\/icacit.org.pe\/symposium\/wp-content\/uploads\/2026\/01\/IsabelHillige-1.jpg 528w\" sizes=\"(max-width: 249px) 100vw, 249px\" \/>\t\t\t\t\t\t\t\t\t\t\t\t\t\t\t<\/div>\n\t\t\t\t<\/div>\n\t\t<div class=\"elementor-element elementor-element-7da9572 e-con-full e-flex e-con e-child\" data-id=\"7da9572\" data-element_type=\"container\" data-e-type=\"container\">\n\t\t\t\t<div class=\"elementor-element elementor-element-a7f8423 elementor-widget elementor-widget-heading\" data-id=\"a7f8423\" data-element_type=\"widget\" data-e-type=\"widget\" data-widget_type=\"heading.default\">\n\t\t\t\t\t<h3 class=\"elementor-heading-title elementor-size-default\">PhD. Isabel Hilliger<\/h3>\t\t\t\t<\/div>\n\t\t\t\t<div class=\"elementor-element elementor-element-d99cf32 elementor-widget elementor-widget-heading\" data-id=\"d99cf32\" data-element_type=\"widget\" data-e-type=\"widget\" data-widget_type=\"heading.default\">\n\t\t\t\t\t<h3 class=\"elementor-heading-title elementor-size-default\">Vicedecano de la Facultad de Ingenier\u00eda<br>\nUniversidad de los Andes en Bogot\u00e1\n<\/h3>\t\t\t\t<\/div>\n\t\t\t\t<div class=\"elementor-element elementor-element-e5582b5 rtimg-contain elementor-widget elementor-widget-image\" data-id=\"e5582b5\" data-element_type=\"widget\" data-e-type=\"widget\" data-widget_type=\"image.default\">\n\t\t\t\t\t\t\t\t\t\t\t\t\t\t\t<img loading=\"lazy\" decoding=\"async\" width=\"50\" height=\"30\" src=\"https:\/\/icacit.org.pe\/symposium\/wp-content\/uploads\/2026\/01\/chile.png\" class=\"attachment-large size-large wp-image-4153\" alt=\"\" \/>\t\t\t\t\t\t\t\t\t\t\t\t\t\t\t<\/div>\n\t\t\t\t<\/div>\n\t\t\t\t<\/div>\n\t\t<div class=\"elementor-element elementor-element-0ba403f e-con-full e-flex e-con e-child\" data-id=\"0ba403f\" data-element_type=\"container\" data-e-type=\"container\">\n\t\t\t\t<div class=\"elementor-element elementor-element-211e8ef elementor-widget elementor-widget-spacer\" data-id=\"211e8ef\" data-element_type=\"widget\" data-e-type=\"widget\" data-widget_type=\"spacer.default\">\n\t\t\t\t\t\t\t<div class=\"elementor-spacer\">\n\t\t\t<div class=\"elementor-spacer-inner\"><\/div>\n\t\t<\/div>\n\t\t\t\t\t\t<\/div>\n\t\t\t\t<div class=\"elementor-element elementor-element-013fee3 elementor-widget elementor-widget-text-editor\" data-id=\"013fee3\" data-element_type=\"widget\" data-e-type=\"widget\" data-widget_type=\"text-editor.default\">\n\t\t\t\t\t\t\t\t\t<p>She holds a degree in Civil Engineering with a focus on Biotechnology, a Master\u2019s in Policy, Organization, and Leadership Studies from the Stanford University Graduate School of Education, and a Ph.D. in Engineering Sciences (Computer Science area) from PUC-Chile. Her work and research focus on developing processes for continuous curricular improvement in higher education in Latin America, using analytical tools centered on the needs of administrators, faculty, and students.<\/p><p>She is an Assistant Professor on the Special Faculty Track and Deputy Director of Assessment, Evaluation, and Quality at the School of Engineering of the Pontificia Universidad Cat\u00f3lica de Chile (PUC-Chile), and an Associate Researcher at the Millennium Nucleus for Higher Education.<\/p>\t\t\t\t\t\t\t\t<\/div>\n\t\t\t\t<\/div>\n\t\t\t\t<\/div>\n\t\t<div class=\"elementor-element elementor-element-afd92b9 e-con-full e-flex e-con e-child\" data-id=\"afd92b9\" data-element_type=\"container\" data-e-type=\"container\" data-settings=\"{&quot;background_background&quot;:&quot;classic&quot;}\">\n\t\t<div class=\"elementor-element elementor-element-5594935 e-con-full e-flex e-con e-child\" data-id=\"5594935\" data-element_type=\"container\" data-e-type=\"container\">\n\t\t<div class=\"elementor-element elementor-element-bb5a760 e-con-full e-flex e-con e-child\" data-id=\"bb5a760\" data-element_type=\"container\" data-e-type=\"container\">\n\t\t\t\t<div class=\"elementor-element elementor-element-fa51072 rtimg-contain elementor-widget elementor-widget-image\" data-id=\"fa51072\" data-element_type=\"widget\" data-e-type=\"widget\" data-widget_type=\"image.default\">\n\t\t\t\t\t\t\t\t\t\t\t\t\t\t\t<img loading=\"lazy\" decoding=\"async\" width=\"248\" height=\"300\" src=\"https:\/\/icacit.org.pe\/symposium\/wp-content\/uploads\/2026\/01\/Carlos-Francisco-Rodriguez-248x300.jpg\" class=\"attachment-medium size-medium wp-image-3415\" alt=\"\" srcset=\"https:\/\/icacit.org.pe\/symposium\/wp-content\/uploads\/2026\/01\/Carlos-Francisco-Rodriguez-248x300.jpg 248w, https:\/\/icacit.org.pe\/symposium\/wp-content\/uploads\/2026\/01\/Carlos-Francisco-Rodriguez-450x544.jpg 450w, https:\/\/icacit.org.pe\/symposium\/wp-content\/uploads\/2026\/01\/Carlos-Francisco-Rodriguez.jpg 527w\" sizes=\"(max-width: 248px) 100vw, 248px\" \/>\t\t\t\t\t\t\t\t\t\t\t\t\t\t\t<\/div>\n\t\t\t\t<\/div>\n\t\t<div class=\"elementor-element elementor-element-ec577b5 e-con-full e-flex e-con e-child\" data-id=\"ec577b5\" data-element_type=\"container\" data-e-type=\"container\">\n\t\t\t\t<div class=\"elementor-element elementor-element-78f4e11 elementor-widget elementor-widget-heading\" data-id=\"78f4e11\" data-element_type=\"widget\" data-e-type=\"widget\" data-widget_type=\"heading.default\">\n\t\t\t\t\t<h3 class=\"elementor-heading-title elementor-size-default\">Carlos F. Rodr\u00edguez<\/h3>\t\t\t\t<\/div>\n\t\t\t\t<div class=\"elementor-element elementor-element-2a3d332 elementor-widget elementor-widget-heading\" data-id=\"2a3d332\" data-element_type=\"widget\" data-e-type=\"widget\" data-widget_type=\"heading.default\">\n\t\t\t\t\t<h3 class=\"elementor-heading-title elementor-size-default\">Subdirectora de Evaluaci\u00f3n y Calidad de la Escuela de Ingenier\u00eda<br>\nPontificia Universidad Cat\u00f3lica del Per\u00fa\n<\/h3>\t\t\t\t<\/div>\n\t\t\t\t<div class=\"elementor-element elementor-element-221ea12 rtimg-contain elementor-widget elementor-widget-image\" data-id=\"221ea12\" data-element_type=\"widget\" data-e-type=\"widget\" data-widget_type=\"image.default\">\n\t\t\t\t\t\t\t\t\t\t\t\t\t\t\t<img loading=\"lazy\" decoding=\"async\" width=\"50\" height=\"30\" src=\"https:\/\/icacit.org.pe\/symposium\/wp-content\/uploads\/2026\/01\/colombia.png\" class=\"attachment-large size-large wp-image-4154\" alt=\"\" \/>\t\t\t\t\t\t\t\t\t\t\t\t\t\t\t<\/div>\n\t\t\t\t<\/div>\n\t\t\t\t<\/div>\n\t\t<div class=\"elementor-element elementor-element-800ba6e e-con-full e-flex e-con e-child\" data-id=\"800ba6e\" data-element_type=\"container\" data-e-type=\"container\">\n\t\t\t\t<div class=\"elementor-element elementor-element-13c473a elementor-widget elementor-widget-spacer\" data-id=\"13c473a\" data-element_type=\"widget\" data-e-type=\"widget\" data-widget_type=\"spacer.default\">\n\t\t\t\t\t\t\t<div class=\"elementor-spacer\">\n\t\t\t<div class=\"elementor-spacer-inner\"><\/div>\n\t\t<\/div>\n\t\t\t\t\t\t<\/div>\n\t\t\t\t<div class=\"elementor-element elementor-element-1b31f91 elementor-widget elementor-widget-text-editor\" data-id=\"1b31f91\" data-element_type=\"widget\" data-e-type=\"widget\" data-widget_type=\"text-editor.default\">\n\t\t\t\t\t\t\t\t\t<p>She holds a degree in Civil Engineering with a focus on Biotechnology, a Master\u2019s in Policy, Organization, and Leadership Studies from the Stanford University Graduate School of Education, and a Ph.D. in Engineering Sciences (Computer Science area) from PUC-Chile. Her work and research focus on developing processes for continuous curricular improvement in higher education in Latin America, using analytical tools centered on the needs of administrators, faculty, and students.<\/p><p>She is an Assistant Professor on the Special Faculty Track and Deputy Director of Assessment, Evaluation, and Quality at the School of Engineering of the Pontificia Universidad Cat\u00f3lica de Chile (PUC-Chile), and an Associate Researcher at the Millennium Nucleus for Higher Education.<\/p>\t\t\t\t\t\t\t\t<\/div>\n\t\t\t\t<\/div>\n\t\t\t\t<\/div>\n\t\t\t\t<\/div>\n\t\t<div class=\"elementor-element elementor-element-a419fd8 e-con-full elementor-hidden-desktop elementor-hidden-laptop elementor-hidden-tablet elementor-hidden-mobile e-flex e-con e-child\" data-id=\"a419fd8\" data-element_type=\"container\" data-e-type=\"container\">\n\t\t<div class=\"elementor-element elementor-element-37ee422 e-con-full e-flex e-con e-child\" data-id=\"37ee422\" data-element_type=\"container\" data-e-type=\"container\">\n\t\t<div class=\"elementor-element elementor-element-e97daa9 e-con-full e-flex e-con e-child\" data-id=\"e97daa9\" data-element_type=\"container\" data-e-type=\"container\">\n\t\t\t\t<div class=\"elementor-element elementor-element-1fdadd1 rtimg-contain elementor-widget elementor-widget-image\" data-id=\"1fdadd1\" data-element_type=\"widget\" data-e-type=\"widget\" data-widget_type=\"image.default\">\n\t\t\t\t\t\t\t\t\t\t\t\t\t\t\t<img decoding=\"async\" width=\"249\" height=\"300\" src=\"https:\/\/icacit.org.pe\/symposium\/wp-content\/uploads\/2026\/01\/IsabelHillige-1-249x300.jpg\" class=\"attachment-medium size-medium wp-image-3413\" alt=\"\" srcset=\"https:\/\/icacit.org.pe\/symposium\/wp-content\/uploads\/2026\/01\/IsabelHillige-1-249x300.jpg 249w, https:\/\/icacit.org.pe\/symposium\/wp-content\/uploads\/2026\/01\/IsabelHillige-1-450x543.jpg 450w, https:\/\/icacit.org.pe\/symposium\/wp-content\/uploads\/2026\/01\/IsabelHillige-1.jpg 528w\" sizes=\"(max-width: 249px) 100vw, 249px\" \/>\t\t\t\t\t\t\t\t\t\t\t\t\t\t\t<\/div>\n\t\t\t\t<\/div>\n\t\t<div class=\"elementor-element elementor-element-725ce98 e-con-full e-flex e-con e-child\" data-id=\"725ce98\" data-element_type=\"container\" data-e-type=\"container\">\n\t\t\t\t<div class=\"elementor-element elementor-element-fcb12b5 elementor-widget elementor-widget-heading\" data-id=\"fcb12b5\" data-element_type=\"widget\" data-e-type=\"widget\" data-widget_type=\"heading.default\">\n\t\t\t\t\t<h3 class=\"elementor-heading-title elementor-size-default\">PhD. Isabel Hilliger<\/h3>\t\t\t\t<\/div>\n\t\t\t\t<div class=\"elementor-element elementor-element-0d6dd7a elementor-widget elementor-widget-heading\" data-id=\"0d6dd7a\" data-element_type=\"widget\" data-e-type=\"widget\" data-widget_type=\"heading.default\">\n\t\t\t\t\t<h3 class=\"elementor-heading-title elementor-size-default\">Pontificia Universidad Cat\u00f3lica de Chile<\/h3>\t\t\t\t<\/div>\n\t\t\t\t<div class=\"elementor-element elementor-element-e80adf8 rtimg-contain elementor-widget elementor-widget-image\" data-id=\"e80adf8\" data-element_type=\"widget\" data-e-type=\"widget\" data-widget_type=\"image.default\">\n\t\t\t\t\t\t\t\t\t\t\t\t\t\t\t<img loading=\"lazy\" decoding=\"async\" width=\"50\" height=\"30\" src=\"https:\/\/icacit.org.pe\/symposium\/wp-content\/uploads\/2026\/01\/chile.png\" class=\"attachment-large size-large wp-image-4153\" alt=\"\" \/>\t\t\t\t\t\t\t\t\t\t\t\t\t\t\t<\/div>\n\t\t\t\t<\/div>\n\t\t\t\t<\/div>\n\t\t<div class=\"elementor-element elementor-element-e0bd775 e-con-full e-flex e-con e-child\" data-id=\"e0bd775\" data-element_type=\"container\" data-e-type=\"container\">\n\t\t\t\t<div class=\"elementor-element elementor-element-f3b34c0 elementor-widget elementor-widget-text-editor\" data-id=\"f3b34c0\" data-element_type=\"widget\" data-e-type=\"widget\" data-widget_type=\"text-editor.default\">\n\t\t\t\t\t\t\t\t\t<p align=\"justify\"><span>She holds a degree in Civil Engineering with a focus on Biotechnology, a Master\u2019s in Policy, Organization, and Leadership Studies from the Stanford University Graduate School of Education, and a Ph.D. in Engineering Sciences (Computer Science area) from PUC-Chile. Her work and research focus on developing processes for continuous curricular improvement in higher education in Latin America, using analytical tools centered on the needs of administrators, faculty, and students.\n<br>\n<br>\nShe is an Assistant Professor on the Special Faculty Track and Deputy Director of Assessment, Evaluation, and Quality at the School of Engineering of the Pontificia Universidad Cat\u00f3lica de Chile (PUC-Chile), and an Associate Researcher at the Millennium Nucleus for Higher Education.\n<\/p>\t\t\t\t\t\t\t\t<\/div>\n\t\t\t\t<\/div>\n\t\t\t\t<\/div>\n\t\t<div class=\"elementor-element elementor-element-a5479a1 e-con-full elementor-hidden-desktop elementor-hidden-laptop elementor-hidden-tablet elementor-hidden-mobile e-flex e-con e-child\" data-id=\"a5479a1\" data-element_type=\"container\" data-e-type=\"container\">\n\t\t<div class=\"elementor-element elementor-element-99146b7 e-con-full e-flex e-con e-child\" data-id=\"99146b7\" data-element_type=\"container\" data-e-type=\"container\">\n\t\t<div class=\"elementor-element elementor-element-e550d3e e-con-full e-flex e-con e-child\" data-id=\"e550d3e\" data-element_type=\"container\" data-e-type=\"container\">\n\t\t\t\t<div class=\"elementor-element elementor-element-c645db2 rtimg-contain elementor-widget elementor-widget-image\" data-id=\"c645db2\" data-element_type=\"widget\" data-e-type=\"widget\" data-widget_type=\"image.default\">\n\t\t\t\t\t\t\t\t\t\t\t\t\t\t\t<img loading=\"lazy\" decoding=\"async\" width=\"248\" height=\"300\" src=\"https:\/\/icacit.org.pe\/symposium\/wp-content\/uploads\/2026\/01\/Sandro-Paz-Collado-248x300.jpg\" class=\"attachment-medium size-medium wp-image-4053\" alt=\"\" srcset=\"https:\/\/icacit.org.pe\/symposium\/wp-content\/uploads\/2026\/01\/Sandro-Paz-Collado-248x300.jpg 248w, https:\/\/icacit.org.pe\/symposium\/wp-content\/uploads\/2026\/01\/Sandro-Paz-Collado-450x544.jpg 450w, https:\/\/icacit.org.pe\/symposium\/wp-content\/uploads\/2026\/01\/Sandro-Paz-Collado.jpg 527w\" sizes=\"(max-width: 248px) 100vw, 248px\" \/>\t\t\t\t\t\t\t\t\t\t\t\t\t\t\t<\/div>\n\t\t\t\t<\/div>\n\t\t<div class=\"elementor-element elementor-element-4a5b894 e-con-full e-flex e-con e-child\" data-id=\"4a5b894\" data-element_type=\"container\" data-e-type=\"container\">\n\t\t\t\t<div class=\"elementor-element elementor-element-ed17551 elementor-widget elementor-widget-heading\" data-id=\"ed17551\" data-element_type=\"widget\" data-e-type=\"widget\" data-widget_type=\"heading.default\">\n\t\t\t\t\t<h3 class=\"elementor-heading-title elementor-size-default\">PhD. Sandro Paz Collado<\/h3>\t\t\t\t<\/div>\n\t\t\t\t<div class=\"elementor-element elementor-element-0a2b9bb elementor-widget elementor-widget-heading\" data-id=\"0a2b9bb\" data-element_type=\"widget\" data-e-type=\"widget\" data-widget_type=\"heading.default\">\n\t\t\t\t\t<h3 class=\"elementor-heading-title elementor-size-default\">Pontificia Universidad Cat\u00f3lica del Per\u00fa<\/h3>\t\t\t\t<\/div>\n\t\t\t\t<div class=\"elementor-element elementor-element-9a11e30 rtimg-contain elementor-widget elementor-widget-image\" data-id=\"9a11e30\" data-element_type=\"widget\" data-e-type=\"widget\" data-widget_type=\"image.default\">\n\t\t\t\t\t\t\t\t\t\t\t\t\t\t\t<img decoding=\"async\" width=\"50\" height=\"31\" src=\"https:\/\/icacit.org.pe\/symposium\/wp-content\/uploads\/2026\/01\/peru.png\" class=\"attachment-large size-large wp-image-4152\" alt=\"\" \/>\t\t\t\t\t\t\t\t\t\t\t\t\t\t\t<\/div>\n\t\t\t\t<\/div>\n\t\t\t\t<\/div>\n\t\t<div class=\"elementor-element elementor-element-c69cc78 e-con-full e-flex e-con e-child\" data-id=\"c69cc78\" data-element_type=\"container\" data-e-type=\"container\">\n\t\t\t\t<div class=\"elementor-element elementor-element-911a82d elementor-widget elementor-widget-text-editor\" data-id=\"911a82d\" data-element_type=\"widget\" data-e-type=\"widget\" data-widget_type=\"text-editor.default\">\n\t\t\t\t\t\t\t\t\t<p align=\"justify\"><span>He holds a degree in Industrial Engineering from the Pontificia Universidad Cat\u00f3lica del Per\u00fa, a Master of Science in Industrial Engineering from the University of Puerto Rico, and a Ph.D. in Industrial Engineering from the University of South Florida.\n<br>\n<br>\nHe has served as Director of Evaluation and Accreditation of University Higher Education at Sineace. He is currently the Director of Academic Innovation in the Department of Engineering, Section Coordinator and Program Director of Industrial Engineering, and Full Professor in the Department of Engineering at the Pontificia Universidad Cat\u00f3lica del Per\u00fa. He is also the General Coordinator for Accreditation and Continuous Improvement of the School of Science and Engineering, leading the accreditation of its programs with CEAB (Canada), ABET (USA), and ICACIT (Peru).\n<br>\n<br>\nHe has experience as a consultant in quality management, statistical process control, data mining, simulation, and optimization. He has served as an evaluator for the National Quality Award.\n<\/p>\t\t\t\t\t\t\t\t<\/div>\n\t\t\t\t<\/div>\n\t\t\t\t<\/div>\n\t\t\t\t\t<\/div>\n\t\t\t\t<\/div>\n\t\t\t\t<\/div>\n\t\t","protected":false},"excerpt":{"rendered":"<p>Keynote Speaker Jimmy T\u00fallume Salazar Gerente General ICACIT Lorem Ipsum\u00a0es simplemente el texto de relleno de las imprentas y archivos de texto. Lorem Ipsum ha sido el texto de relleno est\u00e1ndar de las industrias desde el a\u00f1o 1500, cuando un impresor (N. del T. persona que se dedica a la imprenta) desconocido us\u00f3 una galer\u00eda&#8230;<\/p>\n","protected":false},"author":1,"featured_media":0,"parent":0,"menu_order":0,"comment_status":"closed","ping_status":"closed","template":"","meta":{"footnotes":""},"class_list":["post-4112","page","type-page","status-publish","hentry"],"_links":{"self":[{"href":"https:\/\/icacit.org.pe\/symposium\/wp-json\/wp\/v2\/pages\/4112","targetHints":{"allow":["GET"]}}],"collection":[{"href":"https:\/\/icacit.org.pe\/symposium\/wp-json\/wp\/v2\/pages"}],"about":[{"href":"https:\/\/icacit.org.pe\/symposium\/wp-json\/wp\/v2\/types\/page"}],"author":[{"embeddable":true,"href":"https:\/\/icacit.org.pe\/symposium\/wp-json\/wp\/v2\/users\/1"}],"replies":[{"embeddable":true,"href":"https:\/\/icacit.org.pe\/symposium\/wp-json\/wp\/v2\/comments?post=4112"}],"version-history":[{"count":67,"href":"https:\/\/icacit.org.pe\/symposium\/wp-json\/wp\/v2\/pages\/4112\/revisions"}],"predecessor-version":[{"id":6593,"href":"https:\/\/icacit.org.pe\/symposium\/wp-json\/wp\/v2\/pages\/4112\/revisions\/6593"}],"wp:attachment":[{"href":"https:\/\/icacit.org.pe\/symposium\/wp-json\/wp\/v2\/media?parent=4112"}],"curies":[{"name":"wp","href":"https:\/\/api.w.org\/{rel}","templated":true}]}}