{"id":10868,"date":"2024-06-21T15:23:26","date_gmt":"2024-06-21T20:23:26","guid":{"rendered":"https:\/\/icacit.org.pe\/symposium\/2024\/?page_id=10868"},"modified":"2024-08-21T19:23:21","modified_gmt":"2024-08-22T00:23:21","slug":"reviews","status":"publish","type":"page","link":"https:\/\/icacit.org.pe\/symposium\/2024\/reviews\/","title":{"rendered":"Reviews"},"content":{"rendered":"\t\t<div data-elementor-type=\"wp-page\" data-elementor-id=\"10868\" class=\"elementor elementor-10868\">\n\t\t\t\t\t\t<section class=\"elementor-section elementor-top-section elementor-element elementor-element-7a5fe68 elementor-section-content-middle elementor-section-boxed elementor-section-height-default elementor-section-height-default magic-button-disabled-no\" data-id=\"7a5fe68\" data-element_type=\"section\" data-settings=\"{&quot;background_background&quot;:&quot;classic&quot;}\">\n\t\t\t\t\t\t<div class=\"elementor-container elementor-column-gap-default\">\n\t\t\t\t\t<div class=\"elementor-column elementor-col-100 elementor-top-column elementor-element elementor-element-6335e6b\" data-id=\"6335e6b\" data-element_type=\"column\" data-settings=\"{&quot;background_background&quot;:&quot;classic&quot;}\">\n\t\t\t<div class=\"elementor-widget-wrap elementor-element-populated\">\n\t\t\t\t\t\t<div class=\"elementor-element elementor-element-7d47dcc elementor-widget elementor-widget-restly_about\" data-id=\"7d47dcc\" data-element_type=\"widget\" data-widget_type=\"restly_about.default\">\n\t\t\t\t<div class=\"elementor-widget-container\">\n\t\t\t        <div class=\"restly-about-wrapper\">\n            <div class=\"restly-about-content text-center\">\n                                \n                <h6 class=\"restly-about-stitle\"><span><\/span><\/h6>\n                \n                <h2 class=\"restly-about-title\">Reviews<\/h2>\n                <div class=\"restly-about-dec\">\n                                    <\/div>\n            <\/div>\n        <\/div>\n        \t\t<\/div>\n\t\t\t\t<\/div>\n\t\t\t\t<div class=\"elementor-element elementor-element-a8edd36 elementor-widget elementor-widget-html\" data-id=\"a8edd36\" data-element_type=\"widget\" data-widget_type=\"html.default\">\n\t\t\t\t<div class=\"elementor-widget-container\">\n\t\t\t<div class=\"table-responsive\">\r\n<table class=\"table\">\r\n\r\n<thead bgcolor=\"#00629B\"> <tr> <th> <span style=\"color:#ffffff;font-size:16px\">N\u00b0 <\/span><\/th> <th style=\"text-align: left;\"> <span style=\"color:#ffffff;font-size:16px\">Names and Surnames<\/span> <\/th> <th> <span style=\"color:#ffffff;font-size:16px\">Affiliation<\/span> <\/th> <th> <span style=\"color:#ffffff;font-size:16px\">Pa\u00eds<\/span> <\/th><\/tr> <\/thead>\r\n\r\n<tbody style=\"color:#ffffff;font-size:16px\"> \r\n<tr> <td>1<\/td> <td style=\"text-align: left;\">John Long<\/td>  <td>Deakin University<\/td> <td>Australia<\/td> <\/tr>\r\n<tr> <td>2<\/td> <td style=\"text-align: left;\">Alexander Mikroyannidis<\/td>  <td>The Open University<\/td> <td>Reino Unido<\/td> <\/tr>\r\n<tr> <td>3<\/td> <td style=\"text-align: left;\">C\u00e9sar Anthony G\u00e1lvez Ulloa<\/td>  <td>Universidad Privada del Norte<\/td> <td>Per\u00fa<\/td> <\/tr>\r\n<tr> <td>4<\/td> <td style=\"text-align: left;\">V\u00edctor Manuel Cornejo Aparicio<\/td>  <td>Universidad Nacional de San Agust\u00edn de Arequipa<\/td> <td>Per\u00fa<\/td> <\/tr>\r\n<tr> <td>5<\/td> <td style=\"text-align: left;\">Lea Wittie<\/td>  <td>Bucknell<\/td> <td>Estados Unidos<\/td> <\/tr>\r\n<tr> <td>6<\/td> <td style=\"text-align: left;\">William Mauricio Rojas Contreras<\/td> <td>Universidad de Pamplona<\/td> <td>Colombia<\/td> <\/tr>\r\n<tr> <td>7<\/td> <td style=\"text-align: left;\">Stuardo Lucho Romero<\/td>  <td>Pontificia Universidad Cat\u00f3lica del Per\u00fa<\/td> <td>Per\u00fa<\/td> <\/tr>\r\n<tr> <td>8<\/td> <td style=\"text-align: left;\">Jonathan Alvarez Ariza<\/td> <td>Uniminuto<\/td> <td>Colombia<\/td> <\/tr>\r\n<tr> <td>9<\/td> <td style=\"text-align: left;\">David Ming Liu<\/td> <td>EBTIC<\/td> <td>United Arabic Emirates<\/td> <\/tr>\r\n<tr> <td>10<\/td> <td style=\"text-align: left;\">Isabel Gonz\u00e1lez Farias<\/td>  <td>Universidad Piura<\/td> <td>Per\u00fa<\/td> <\/tr>\r\n<tr> <td>11<\/td> <td style=\"text-align: left;\">Michael Oudshoorn<\/td>  <td>High Point University<\/td> <td>EE.UU.<\/td> <\/tr>\r\n<tr> <td>12<\/td> <td style=\"text-align: left;\">Abdelmalek Halawani<\/td> <td>STEAM for Innovation and Education<\/td> <td>Australia<\/td> <\/tr>\r\n<tr> <td>13<\/td> <td style=\"text-align: left;\">Roger Hadgraft<\/td> <td>University of Technology, Sydney<\/td> <td>USA<\/td> <\/tr>\r\n<tr> <td>14<\/td> <td style=\"text-align: left;\">Ana Hayd\u00e9e Di Iorio<\/td>  <td>UFASTA<\/td> <td>Argentina<\/td> <\/tr>\r\n<tr> <td>15<\/td> <td style=\"text-align: left;\">Jenny Marcela Sanchez-Torres<\/td> <td>Universidad Nacional de Colombia<\/td> <td>Colombia<\/td> <\/tr>\r\n<tr> <td>16<\/td> <td style=\"text-align: left;\">Archana Balkrishna Yadav<\/td> <td>Sardar Vallabhbhai Patel Institute of Technology<\/td> <td>India<\/td> <\/tr>\r\n<tr> <td>17<\/td> <td style=\"text-align: left;\">Jose Antonio Pow-Sang Portillo<\/td> <td>Pontificia Universidad Cat\u00f3lica del Per\u00fa<\/td> <td>Per\u00fa<\/td> <\/tr>\r\n<tr> <td>18<\/td> <td style=\"text-align: left;\">Javier Moran<\/td> <td>USIL<\/td> <td>Per\u00fa<\/td> <\/tr>\r\n<tr> <td>19<\/td> <td style=\"text-align: left;\">Sandro Paz<\/td> <td>PUCP<\/td> <td>Per\u00fa<\/td> <\/tr>\r\n<tr> <td>20<\/td> <td style=\"text-align: left;\">Rafael Mellado-Silva<\/td> <td>Pontificia Universidad Cat\u00f3lica de Valpara\u00edso<\/td> <td>Chile<\/td> <\/tr>\r\n<tr> <td>21<\/td> <td style=\"text-align: left;\">Williams Esteward Castillo Martinez<\/td> <td>Universidad Cesar Vallejo<\/td> <td>Peru<\/td> <\/tr>\r\n<tr> <td>22<\/td> <td style=\"text-align: left;\">Marck Steewar Regalado Espinoza<\/td> <td>Universidad Nacional de Ingenier\u00eda<\/td> <td>Per\u00fa<\/td> <\/tr>\r\n<tr> <td>23<\/td> <td style=\"text-align: left;\">Eduardo Torres<\/td> <td>Tecnologico de Monterrey<\/td> <td>M\u00e9xico <\/td> <\/tr>\r\n<tr> <td>24<\/td> <td style=\"text-align: left;\">Nelida Milly Esther Garc\u00eda<\/td> <td>Universidad C\u00e9sar Vallejo<\/td> <td>Per\u00fa<\/td> <\/tr>\r\n<tr> <td>25<\/td> <td style=\"text-align: left;\">Maria Hallo<\/td> <td>Escuela Polit\u00e9cnica Nacional<\/td> <td>Ecuador<\/td> <\/tr>\r\n<tr> <td>26<\/td> <td style=\"text-align: left;\">Jose Manuel Ramos Cutipa<\/td> <td>Universidad Nacional del Altiplano - Puno<\/td> <td>Peru<\/td> <\/tr>\r\n<tr> <td>27<\/td> <td style=\"text-align: left;\">Harold Renzo  Chirinos Urday<\/td> <td>Universidad Nacional De San Agust\u00edn De Arequipa<\/td> <td>EE.UU.<\/td> <\/tr>\r\n<tr> <td>28<\/td> <td style=\"text-align: left;\">Jimmy T\u00fallume<\/td> <td>ICACIT<\/td> <td>Per\u00fa<\/td> <\/tr>\r\n<tr> <td>29<\/td> <td style=\"text-align: left;\">Jose Duran<\/td> <td>ICACIT<\/td> <td>Per\u00fa<\/td> <\/tr>\r\n <\/tbody>\r\n                  <\/table>\r\n                <\/div>\t\t<\/div>\n\t\t\t\t<\/div>\n\t\t\t\t<div class=\"elementor-element elementor-element-30283fc elementor-widget elementor-widget-spacer\" data-id=\"30283fc\" data-element_type=\"widget\" data-widget_type=\"spacer.default\">\n\t\t\t\t<div class=\"elementor-widget-container\">\n\t\t\t<style>\/*! elementor - v3.20.0 - 26-03-2024 *\/\n.elementor-column .elementor-spacer-inner{height:var(--spacer-size)}.e-con{--container-widget-width:100%}.e-con-inner>.elementor-widget-spacer,.e-con>.elementor-widget-spacer{width:var(--container-widget-width,var(--spacer-size));--align-self:var(--container-widget-align-self,initial);--flex-shrink:0}.e-con-inner>.elementor-widget-spacer>.elementor-widget-container,.e-con>.elementor-widget-spacer>.elementor-widget-container{height:100%;width:100%}.e-con-inner>.elementor-widget-spacer>.elementor-widget-container>.elementor-spacer,.e-con>.elementor-widget-spacer>.elementor-widget-container>.elementor-spacer{height:100%}.e-con-inner>.elementor-widget-spacer>.elementor-widget-container>.elementor-spacer>.elementor-spacer-inner,.e-con>.elementor-widget-spacer>.elementor-widget-container>.elementor-spacer>.elementor-spacer-inner{height:var(--container-widget-height,var(--spacer-size))}.e-con-inner>.elementor-widget-spacer.elementor-widget-empty,.e-con>.elementor-widget-spacer.elementor-widget-empty{position:relative;min-height:22px;min-width:22px}.e-con-inner>.elementor-widget-spacer.elementor-widget-empty .elementor-widget-empty-icon,.e-con>.elementor-widget-spacer.elementor-widget-empty .elementor-widget-empty-icon{position:absolute;top:0;bottom:0;left:0;right:0;margin:auto;padding:0;width:22px;height:22px}<\/style>\t\t<div class=\"elementor-spacer\">\n\t\t\t<div class=\"elementor-spacer-inner\"><\/div>\n\t\t<\/div>\n\t\t\t\t<\/div>\n\t\t\t\t<\/div>\n\t\t\t\t\t<\/div>\n\t\t<\/div>\n\t\t\t\t\t<\/div>\n\t\t<\/section>\n\t\t\t\t<section class=\"elementor-section elementor-top-section elementor-element elementor-element-b9e7152 elementor-section-boxed elementor-section-height-default elementor-section-height-default magic-button-disabled-no\" data-id=\"b9e7152\" data-element_type=\"section\" data-settings=\"{&quot;background_background&quot;:&quot;classic&quot;}\">\n\t\t\t\t\t\t<div class=\"elementor-container elementor-column-gap-narrow\">\n\t\t\t\t\t<div class=\"elementor-column elementor-col-100 elementor-top-column elementor-element elementor-element-4106ca4\" data-id=\"4106ca4\" data-element_type=\"column\">\n\t\t\t<div class=\"elementor-widget-wrap elementor-element-populated\">\n\t\t\t\t\t\t<div class=\"elementor-element elementor-element-3fca0d8 elementor-widget elementor-widget-image\" data-id=\"3fca0d8\" data-element_type=\"widget\" data-widget_type=\"image.default\">\n\t\t\t\t<div class=\"elementor-widget-container\">\n\t\t\t<style>\/*! elementor - v3.20.0 - 26-03-2024 *\/\n.elementor-widget-image{text-align:center}.elementor-widget-image a{display:inline-block}.elementor-widget-image a img[src$=\".svg\"]{width:48px}.elementor-widget-image img{vertical-align:middle;display:inline-block}<\/style>\t\t\t\t\t\t\t\t\t\t<img fetchpriority=\"high\" decoding=\"async\" width=\"5932\" height=\"1171\" src=\"https:\/\/icacit.org.pe\/symposium\/2024\/wp-content\/uploads\/2024\/04\/Image20240405164109.png\" class=\"attachment-full size-full wp-image-10274\" alt=\"\" srcset=\"https:\/\/icacit.org.pe\/symposium\/2024\/wp-content\/uploads\/2024\/04\/Image20240405164109.png 5932w, https:\/\/icacit.org.pe\/symposium\/2024\/wp-content\/uploads\/2024\/04\/Image20240405164109-300x59.png 300w, https:\/\/icacit.org.pe\/symposium\/2024\/wp-content\/uploads\/2024\/04\/Image20240405164109-1024x202.png 1024w, https:\/\/icacit.org.pe\/symposium\/2024\/wp-content\/uploads\/2024\/04\/Image20240405164109-768x152.png 768w, https:\/\/icacit.org.pe\/symposium\/2024\/wp-content\/uploads\/2024\/04\/Image20240405164109-1536x303.png 1536w, https:\/\/icacit.org.pe\/symposium\/2024\/wp-content\/uploads\/2024\/04\/Image20240405164109-2048x404.png 2048w\" sizes=\"(max-width: 5932px) 100vw, 5932px\" \/>\t\t\t\t\t\t\t\t\t\t\t\t\t<\/div>\n\t\t\t\t<\/div>\n\t\t\t\t<div class=\"elementor-element elementor-element-7512321 elementor-widget elementor-widget-spacer\" data-id=\"7512321\" data-element_type=\"widget\" data-widget_type=\"spacer.default\">\n\t\t\t\t<div class=\"elementor-widget-container\">\n\t\t\t\t\t<div class=\"elementor-spacer\">\n\t\t\t<div class=\"elementor-spacer-inner\"><\/div>\n\t\t<\/div>\n\t\t\t\t<\/div>\n\t\t\t\t<\/div>\n\t\t\t\t<div class=\"elementor-element elementor-element-11cf82b elementor-widget elementor-widget-restly_about\" data-id=\"11cf82b\" data-element_type=\"widget\" data-widget_type=\"restly_about.default\">\n\t\t\t\t<div class=\"elementor-widget-container\">\n\t\t\t        <div class=\"restly-about-wrapper\">\n            <div class=\"restly-about-content text-justify\">\n                                \n                <h6 class=\"restly-about-stitle\"><span><\/span><\/h6>\n                \n                <h2 class=\"restly-about-title\">ICACIT, the accrediting agency specialized in Computing, Engineering, Technology in Engineering, Science and Architecture programs, has 21 years promoting continuous improvement of educational quality in higher education programs, it is the first Latin American agency to signatory of the Washington Accordand a member of the European Network for Accreditation in Engineering Education - ENAEE, accords that bring together the most prestigious engineering accreditation agencies in the world.<\/h2>\n                <div class=\"restly-about-dec\">\n                                    <\/div>\n            <\/div>\n        <\/div>\n        \t\t<\/div>\n\t\t\t\t<\/div>\n\t\t\t\t<div class=\"elementor-element elementor-element-3a5b12b elementor-widget elementor-widget-spacer\" data-id=\"3a5b12b\" data-element_type=\"widget\" data-widget_type=\"spacer.default\">\n\t\t\t\t<div class=\"elementor-widget-container\">\n\t\t\t\t\t<div class=\"elementor-spacer\">\n\t\t\t<div class=\"elementor-spacer-inner\"><\/div>\n\t\t<\/div>\n\t\t\t\t<\/div>\n\t\t\t\t<\/div>\n\t\t\t\t<div class=\"elementor-element elementor-element-0d299c4 elementor-widget elementor-widget-restly_social_icons\" data-id=\"0d299c4\" data-element_type=\"widget\" data-widget_type=\"restly_social_icons.default\">\n\t\t\t\t<div class=\"elementor-widget-container\">\n\t\t\t        <div class=\"restly-social-wrapper\">\r\n            <div class=\"restly-social-icon-box\">\r\n                                <ul>\r\n                 <li><a href=\"https:\/\/www.facebook.com\/icacit.org.pe\" title=\"Facebook\"  target=\"_blank\" target=\"_blank\"><i class=\"flaticon flaticon-facebook\"><\/i><\/a><\/li> <li><a href=\"https:\/\/twitter.com\/icacit\" title=\"Twitter\"  target=\"_blank\" target=\"_blank\"><i class=\"flaticon flaticon-twitter-1\"><\/i><\/a><\/li> <li><a href=\"https:\/\/www.linkedin.com\/company\/icacit\" title=\"Linkeding\"  target=\"_blank\" target=\"_blank\"><i class=\"flaticon flaticon-linkedin-2\"><\/i><\/a><\/li> <li><a href=\"https:\/\/www.youtube.com\/channel\/UC6n4i5VNsebsphbtEhfpzJQ\" title=\"Youtube\"  target=\"_blank\" target=\"_blank\"><i class=\"flaticon flaticon-youtube-1\"><\/i><\/a><\/li>                <\/ul>\r\n            <\/div>\r\n        <\/div>\r\n        \t\t<\/div>\n\t\t\t\t<\/div>\n\t\t\t\t\t<\/div>\n\t\t<\/div>\n\t\t\t\t\t<\/div>\n\t\t<\/section>\n\t\t\t\t<section class=\"elementor-section elementor-top-section elementor-element elementor-element-3155555 elementor-section-boxed elementor-section-height-default elementor-section-height-default magic-button-disabled-no\" data-id=\"3155555\" data-element_type=\"section\" data-settings=\"{&quot;background_background&quot;:&quot;classic&quot;}\">\n\t\t\t\t\t\t<div class=\"elementor-container elementor-column-gap-narrow\">\n\t\t\t\t\t<div class=\"elementor-column elementor-col-100 elementor-top-column elementor-element elementor-element-d2b83b1\" data-id=\"d2b83b1\" data-element_type=\"column\">\n\t\t\t<div class=\"elementor-widget-wrap elementor-element-populated\">\n\t\t\t\t\t\t<div class=\"elementor-element elementor-element-33d0d9a elementor-widget elementor-widget-restly_company_info\" data-id=\"33d0d9a\" data-element_type=\"widget\" data-widget_type=\"restly_company_info.default\">\n\t\t\t\t<div class=\"elementor-widget-container\">\n\t\t\t        <div class=\"restly-company-info-wrapper\">\r\n            <div class=\"company-info-widget\">\r\n                                <p>\u00a9 ICACIT Symposium 2024<\/p>\r\n                            <\/div>\r\n        <\/div>\r\n        \t\t<\/div>\n\t\t\t\t<\/div>\n\t\t\t\t\t<\/div>\n\t\t<\/div>\n\t\t\t\t\t<\/div>\n\t\t<\/section>\n\t\t\t\t<section class=\"elementor-section elementor-top-section elementor-element elementor-element-a305527 elementor-section-boxed elementor-section-height-default elementor-section-height-default magic-button-disabled-no\" data-id=\"a305527\" data-element_type=\"section\">\n\t\t\t\t\t\t<div class=\"elementor-container elementor-column-gap-default\">\n\t\t\t\t\t<div class=\"elementor-column elementor-col-100 elementor-top-column elementor-element elementor-element-c3a31da\" data-id=\"c3a31da\" data-element_type=\"column\">\n\t\t\t<div class=\"elementor-widget-wrap\">\n\t\t\t\t\t\t\t<\/div>\n\t\t<\/div>\n\t\t\t\t\t<\/div>\n\t\t<\/section>\n\t\t\t\t<\/div>\n\t\t","protected":false},"excerpt":{"rendered":"<p>Reviews N\u00b0 Names and Surnames Affiliation Pa\u00eds 1 John Long Deakin University Australia 2 Alexander Mikroyannidis The Open University Reino Unido 3 C\u00e9sar Anthony G\u00e1lvez Ulloa Universidad Privada del Norte Per\u00fa 4 V\u00edctor Manuel Cornejo Aparicio Universidad Nacional de San Agust\u00edn de Arequipa Per\u00fa 5 Lea Wittie Bucknell Estados Unidos 6 William Mauricio Rojas Contreras [&hellip;]<\/p>\n","protected":false},"author":1,"featured_media":0,"parent":0,"menu_order":0,"comment_status":"closed","ping_status":"closed","template":"template-home.php","meta":{"footnotes":""},"class_list":["post-10868","page","type-page","status-publish","hentry"],"_links":{"self":[{"href":"https:\/\/icacit.org.pe\/symposium\/2024\/wp-json\/wp\/v2\/pages\/10868","targetHints":{"allow":["GET"]}}],"collection":[{"href":"https:\/\/icacit.org.pe\/symposium\/2024\/wp-json\/wp\/v2\/pages"}],"about":[{"href":"https:\/\/icacit.org.pe\/symposium\/2024\/wp-json\/wp\/v2\/types\/page"}],"author":[{"embeddable":true,"href":"https:\/\/icacit.org.pe\/symposium\/2024\/wp-json\/wp\/v2\/users\/1"}],"replies":[{"embeddable":true,"href":"https:\/\/icacit.org.pe\/symposium\/2024\/wp-json\/wp\/v2\/comments?post=10868"}],"version-history":[{"count":25,"href":"https:\/\/icacit.org.pe\/symposium\/2024\/wp-json\/wp\/v2\/pages\/10868\/revisions"}],"predecessor-version":[{"id":11722,"href":"https:\/\/icacit.org.pe\/symposium\/2024\/wp-json\/wp\/v2\/pages\/10868\/revisions\/11722"}],"wp:attachment":[{"href":"https:\/\/icacit.org.pe\/symposium\/2024\/wp-json\/wp\/v2\/media?parent=10868"}],"curies":[{"name":"wp","href":"https:\/\/api.w.org\/{rel}","templated":true}]}}